1.
17
What is the highest common divisor of 296 and 1369?
37
What is the highest common divisor of 1232 and 77?
77
Calculate the highest common factor of 72 and 72.
72
What is the highest common factor of 6496 and 2552?
232
Calculate the highest common divisor of 26560 and 80.
80
Calculate the highest common divisor of 16 and 136.
8
What is the highest common factor of 130 and 20?
10
What is the greatest common factor of 9296 and 112?
112
Calculate the greatest common factor of 1702 and 888.
74
Calculate the highest common divisor of 129 and 172.
43
Calculate the highest common divisor of 8 and 76.
4
What is the greatest common factor of 568 and 104?
8
Calculate the highest common divisor of 112 and 238.
14
What is the highest common divisor of 5 and 3205?
5
Calculate the greatest common factor of 98 and 28.
14
Calculate the greatest common divisor of 4683 and 42.
21
Calculate the highest common divisor of 25878 and 114.
114
What is the greatest common divisor of 2190 and 60?
30
What is the highest common divisor of 47 and 188?
47
Calculate the highest common divisor of 1 and 8.
1
What is the highest common factor of 756 and 140?
28
Calculate the highest common divisor of 341 and 496.
31
Calculate the highest common factor of 480 and 144.
48
Calculate the highest common factor of 306 and 68.
34
Calculate the highest common divisor of 262 and 9301.
131
Calculate the greatest common factor of 1065 and 15.
15
What is the highest common factor of 689 and 13?
13
Calculate the greatest common divisor of 5705 and 652.
163
Calculate the greatest common divisor of 2214 and 82.
82
Calculate the highest common divisor of 62 and 10.
2
What is the highest common divisor of 144 and 3996?
36
What is the greatest common divisor of 23 and 713?
23
What is the highest common factor of 37 and 4625?
37
Calculate the highest common divisor of 33341 and 77.
77
What is the greatest common factor of 1512 and 7?
7
What is the highest common divisor of 2 and 1?
1
Calculate the highest common divisor of 153 and 603.
9
Calculate the highest common divisor of 54 and 5076.
54
What is the greatest common divisor of 1 and 21?
1
What is the highest common factor of 528 and 6096?
48
What is the greatest common factor of 375 and 6?
3
What is the greatest common divisor of 24 and 248?
8
What is the highest common factor of 18 and 423?
9
What is the highest common divisor of 25 and 775?
25
What is the greatest common factor of 34936 and 88?
88
What is the greatest common divisor of 78 and 2262?
78
What is the greatest common divisor of 162 and 1440?
18
Calculate the greatest common divisor of 147 and 189.
21
What is the greatest common factor of 4194 and 72?
18
Calculate the greatest common divisor of 2200 and 120.
40
What is the highest common divisor of 56 and 4844?
28
What is the highest common divisor of 2080 and 20?
20
What is the greatest common divisor of 486 and 54?
54
What is the highest common factor of 15864 and 24?
24
Calculate the greatest common factor of 235 and 3243.
47
Calculate the highest common divisor of 145 and 35.
5
What is the highest common factor of 112 and 35?
7
What is the highest common divisor of 2415 and 105?
105
Calculate the highest common divisor of 14 and 637.
7
What is the highest common factor of 40 and 4050?
10
Calculate the highest common factor of 130 and 135.
5
What is the greatest common factor of 88 and 64?
8
Calculate the highest common factor of 34 and 1139.
17
Calculate the highest common factor of 74 and 3293.
37
What is the highest common divisor of 5224 and 24?
8
What is the greatest common factor of 64 and 24?
8
Calculate the highest common divisor of 152 and 4674.
38
Calculate the greatest common factor of 1147 and 155.
31
What is the highest common factor of 136 and 68?
68
Calculate the greatest common divisor of 18 and 30.
6
Calculate the highest common divisor of 1133 and 22.
11
What is the greatest common factor of 345 and 276?
69
Calculate the greatest common divisor of 3713 and 893.
47
Calculate the greatest common divisor of 56 and 252.
28
Calculate the highest common factor of 1120 and 192.
32
What is the greatest common factor of 35579 and 47?
47
What is the highest common divisor of 13 and 377?
13
Calculate the greatest common factor of 3645 and 45.
45
What is the greatest common divisor of 620 and 20?
20
What is the greatest common divisor of 564 and 470?
94
What is the greatest common divisor of 213 and 2698?
71
Calculate the highest common factor of 111 and 148.
37
Calculate the highest common divisor of 238 and 646.
34
Calculate the greatest common divisor of 45837 and 11.
11
What is the highest common factor of 712 and 89?
89
What is the highest common divisor of 266 and 238?
14
What is the greatest common factor of 1442 and 14?
14
Calculate the greatest common divisor of 50 and 12850.
50
What is the highest common factor of 152 and 5567?
19
Calculate the greatest common factor of 240 and 144.
48
What is the highest common factor of 85 and 35?
5
Calculate the highest common divisor of 1288 and 1449.
161
Calculate the highest common factor of 3 and 915.
3
Calculate the greatest common divisor of 7710 and 30.
30
Calculate the greatest common divisor of 27 and 5.
1
Calculate the greatest common factor of 80 and 200.
40
Calculate the greatest common divisor of 48 and 56.
8
What is the greatest common factor of 272 and 646?
34
What is the highest common factor of 10281 and 69?
69
What is the highest common factor of 101 and 202?
101
Calculate the greatest common divisor of 21 and 14.
7
Calculate the greatest common factor of 14 and 1106.
14
What is the highest common divisor of 92 and 207?
23
What is the highest common divisor of 750 and 30?
30
Calculate the highest common factor of 385 and 35.
35
What is the highest common divisor of 18 and 2682?
18
What is the greatest common divisor of 84 and 112?
28
Calculate the greatest common factor of 53 and 23.
1
What is the greatest common factor of 12 and 1212?
12
Calculate the greatest common divisor of 143 and 13.
13
Calculate the greatest common factor of 969 and 171.
57
What is the highest common divisor of 8163 and 9?
9
Calculate the highest common factor of 2080 and 480.
160
What is the greatest common divisor of 2860 and 22?
22
Calculate the highest common divisor of 176 and 484.
44
What is the greatest common divisor of 74 and 3404?
74
Calculate the greatest common factor of 812 and 28.
28
What is the greatest common divisor of 749 and 42?
7
Calculate the greatest common factor of 20 and 340.
20
Calculate the highest common divisor of 172 and 2322.
86
Calculate the greatest common divisor of 31 and 155.
31
Calculate the greatest common divisor of 164 and 3362.
82
Calculate the highest common divisor of 66 and 132.
66
Calculate the greatest common factor of 7 and 3.
1
What is the greatest common factor of 200 and 1460?
20
What is the greatest common factor of 64 and 112?
16
Calculate the highest common factor of 4802 and 784.
98
Calculate the greatest common divisor of 30 and 72.
6
Calculate the greatest common divisor of 11 and 1991.
11
Calculate the highest common factor of 52 and 448.
4
Calculate the greatest common factor of 792 and 2904.
264
What is the highest common divisor of 109 and 763?
109
What is the greatest common divisor of 7678 and 44?
22
What is the highest common factor of 12832 and 32?
32
What is the highest common divisor of 158 and 23?
1
What is the highest common divisor of 14 and 1022?
14
What is the greatest common divisor of 6321 and 387?
129
Calculate the highest common factor of 1099 and 42.
7
What is the highest common factor of 370 and 9805?
185
Calculate the greatest common divisor of 4514 and 122.
122
What is the greatest common divisor of 3 and 73?
1
Calculate the highest common divisor of 64 and 368.
16
What is the greatest common factor of 297 and 66?
33
Calculate the greatest common factor of 104 and 364.
52
What is the greatest common factor of 1598 and 94?
94
Calculate the highest common divisor of 9360 and 120.
120
Calculate the greatest common divisor of 4375 and 75.
25
Calculate the highest common factor of 36 and 288.
36
What is the greatest common divisor of 18 and 7338?
6
What is the highest common divisor of 134 and 2077?